ulate 7 - ((6 - 2) + 1).
2
-5 - (3 - (-5 - -12))
-1
Calculate -11 - -2 - (-3 + -1).
-5
What is 3 - (9 + 2 - 7) - 6?
-7
What is the value of 2 - (2 + 5) - -5?
0
15 - (6 - (8 + -5)) - 5
7
(-15 - (-11 + 6)) + 2 + 4
-4
-9 - (-2 + 0 - (11 - 8))
-4
Evaluate (0 - -3) + -7 + 4 + 2.
2
4 + (6 + -2 - (9 - 5))
4
9 - (1 + 4 + -18 + 17)
5
Evaluate -4 + 4 + -6 + 4 + 6.
4
Evaluate 12 + (6 - 9) + -3.
6
What is (0 + 4 - -2 - 3) + 1?
4
Calculate 3 + 0 + -7 + 8.
4
What is 7 + (-4 + 7 - (11 - 6))?
5
What is the value of 0 + (6 - (7 - 4))?
3
What is the value of 3 - ((11 - 2) + -2)?
-4
Evaluate (-4 - 0) + -7 + 3 + 3.
-5
Calculate -1 - (30 + -25 - (0 - -7)).
1
What is -5 - (-5 + 6 + -4)?
-2
4 + 9 + 7 + -14
6
Evaluate -8 - -5 - (6 + (-10 - -6)).
-5
What is the value of -2 + (8 - 2) + -4 + 0?
0
Evaluate (-7 - (5 - 4)) + (3 - -1).
-4
What is -5 + (-7 + 10 - -3)?
1
Evaluate 1 + -1 - (-8 + 8).
0
Evaluate -1 + -4 + 1 + (10 - 2).
4
Evaluate 6 + (-4 - (1 + -2)).
3
Calculate 1 - ((10 - 7) + -2 + -3).
3
What is (-1 - -1) + (16 - 14)?
2
5 - (6 + -3 - -5 - 4)
1
What is the value of 17 + -24 + 1 + 0 + 1?
-5
8 - 5 - (2 - 5)
6
Evaluate 2 + -5 + (3 - (0 - -4)).
-4
Calculate 7 - (13 - 3) - -8.
5
What is -3 - (4 - (2 - -2 - 4))?
-7
Evaluate -7 - -11 - (-3 - (-3 + -2)).
2
Calculate 14 + 5 + -6 + (0 - 4).
9
Evaluate (1 - 0) + 9 + -3 + -4.
3
What is the value of (-2 - 4) + -5 + 16?
5
Evaluate (-4 - -10) + 0 + -3.
3
What is -4 - (2 + -3 + -4 - 4)?
5
What is (-1 - 1) + 53 + -54?
-3
-7 + 4 - (1 + -1 + -7)
4
What is 6 + 0 + -3 + -8?
-5
What is the value of (-6 - (-7 - 2)) + -6?
-3
What is the value of (1 - 0) + 14 + -13 + 3?
5
What is the value of 1 - (1 - (-2 + 0)) - 3?
-5
Evaluate (-31 - -31) + 0 + -2.
-2
-8 - ((-8 - 9) + 6)
3
(2 - (-2 + -1) - 1) + -1
3
Evaluate -8 - (-5 + 1) - (8 - 5).
-7
What is 5 + 1 + 0 + -3?
3
What is the value of 25 + -24 - (-9 - -1)?
9
What is (-5 + 6 - 6 - -7) + 0?
2
What is the value of 3 - 1 - (6 - 4)?
0
What is the value of 2 - (-6 + -1 - -4 - -9)?
-4
-4 + 4 - (-4 + -1) - 4
1
What is (-2 - (-2 + -4)) + 51 + -51?
4
What is the value of 2 - ((0 - -4) + -1)?
-1
What is -5 + 4 + 5 - 1?
3
Calculate 0 + 0 + (1 - 5).
-4
What is the value of -3 + -2 + 19 + -7?
7
What is the value of 5 + (-4 + 1 - 10)?
-8
Evaluate 12 - -1 - (94 - 82).
1
Evaluate 3 - (4 + -7 - -3 - -1).
2
What is the value of 2 + -5 + 14 + -4 - -1?
8
What is 1 + (-5 - (-5 + 2))?
-1
Evaluate -25 + 24 - (3 + -13).
9
Calculate (-4 - (-1 - 0)) + 6 + -2.
1
What is 11 - 10 - 7 - -12?
6
Evaluate -3 + (4 - 1 - 3).
-3
Evaluate -8 + 7 + 2 + (-5 - -1).
-3
What is -2 - (-2 + 3) - -4?
1
-8 + 3 - 0 - -8
3
Evaluate (-5 - -1) + (14 - (15 + -4)).
-1
(-3 - 2 - (-9 - -3)) + 2
3
What is -3 + 1 + -31 + 29?
-4
Calculate -12 - -7 - (0 - 2).
-3
What is 7 - (-3 + (7 - 0))?
3
Evaluate 3 - ((-4 - -2) + -15 + 25).
-5
What is the value of -13 - (-11 + -1 + 7)?
-8
9 + -8 - (2 - 1)
0
-4 - ((3 - 0) + -2 + -7)
2
Calculate -6 + (-2 - -2) - 2 - -1.
-7
Calculate (5 + -7 - 2) + (2 - 0).
-2
What is the value of -8 + 2 + 1 - (-4 - -3)?
-4
Calculate (7 - 0) + -153 + 143.
-3
What is (5 - (-2 - -4)) + -3?
0
Calculate 12 + (0 - 7) + (0 - -2).
7
Calculate 2 + -6 + -5 + 2 + 4.
-3
Calculate -5 + (-5 - -6) - (1 + -2).
-3
Calculate (6 - (2 - -9)) + 7 + 4.
6
What is -3 + (-7 - 9 - -14)?
-5
Calculate -1 + 5 - (3 - -2).
-1
Calculate (1 - -4 - 4 - 4) + 3.
0
Calculate -13 + (7 - 0) - -6.
0
What is the value of 2 + (2 + -2 + 4 - 1)?
5
Calculate -6 - (-6 + (2 - -2)).
-4
Evaluate -2 + 3 + 6 + -8 + 4.
3
What is the value of -5 - (2 - (-3 - 1 - -7))?
-4
What is the value of -10 + 11 + -4 + 2?
-1
Evaluate 2 + -9 + 8 + 2.
3
Calculate (-1 - -4) + (1 - 0).
4
Evaluate 2 - (4 - (2 + -5)).
-5
Calculate 1 - 3 - (6 - -1 - 13).
4
Evaluate 39 - 51 - (-1 - 8).
-3
What is -13 + 1 + 18 + (-8 - 0)?
-2
Evaluate 1 + -3 + -1 + 6 + 0.
3
What is the value of (6 - 6) + 6 - 6?
0
-4 + (3 - (-3 - -1)) + 2
3
What is the value of -1 - -1 - (6 + -4)?
-2
What is the value of -7 - (4 - 3) - -3?
-5
9 - 9 - (4 - 0)
-4
Calculate 1 + (0 - -3 - (7 + -1)).
-2
Evaluate (4 - 6) + 1 - 4.
-5
(-4 - 1) + 3 - (-5 + 7)
-4
9 + -15 - -2 - 0
-4
Evaluate -1 + 2 + -2 + 8 + -4.
3
-3 - (5 - (-7 - -9 - -2))
-4
What is 5 - (8 - 1) - (2 - -2)?
-6
Evaluate 1 - 7 - (-353 + 351).
-4
Evaluate 0 + 4 + -3 + 10 + -8.
3
What is the value of -3 + (-10 + 13 - (3 + -1))?
-2
-2 - ((-2 - (5 + 1)) + -1)
7
-1 + (-13 - -3) - -13
2
Evaluate 11 - 11 - (0 + 2).
-2
Calculate -8 + (16 + -21 - (-6 - -1)).
-8
What is (-3 - (0 - (1 - 2))) + -1?
-5
Evaluate -2 + -3 + (4 - 3) + 8.
4
What is -106 - -104 - (4 + 3 + -1)?
-8
-3 + 4 - (1 - 5 - -5)
0
What is the value of (-11 - 13) + 26 + -11 + -1?
-10
What is 0 - 1 - (23 + -20)?
-4
11 + -27 + 3 + 12
-1
-12 - (-5 - (2 - (6 + -4)))
-7
10 + -5 + -13 - -13
5
5 - ((-5 - -10) + 0 + 2)
-2
Calculate 28 + -26 + (0 - 2) + -5.
-5
(4 - 5 - -3) + -1
1
What is the value of (0 - 1) + 3 + (-6 - -1)?
-3
What is (5 + -8 + 4 - -2) + -3?
0
What is the value of 11 + -3 + (31 - 33)?
6
0 + (3 - 5 - -1) - -2
1
(-3 + 2 - 1) + 0 + 3
1
What is the value of 7 + -1 - (9 - 3)?
0
What is the value of 5 - ((-1 - 8) + 9)?
5
2 + -2 + -9 + 6 + 3
0
Evaluate 23 + -11 - (6 - -1).
5
What is the value of -10 + 11 + (6 - 11)?
-4
Evaluate 9 + -1 + (-2 - (7 - 5)).
4
What is -2 - (5 - (5 - (-5 - -7)))?
-4
What is 1 - -7 - (3 + 1)?
4
What is the value of (4 + 3 - 4) + -1?
2
What is 22 + (12 - 26) + (-3 - 3)?
2
Calculate (3 - 1) + -2 + (-1 - 2).
-3
What is the value of -72 + 63 - (-1 - 6)?
-2
2 - (5 + 0 + -4)
1
Calculate -4 + 0 + 5 + -1 + 1.
1
(-4 - (-12 + 4)) + -6
-2
Evaluate 2 - (-2 - -9 - -1).
-6
Evaluate -3 + (8 - 7) - -5.
3
3 - (1 + 7 + (-35 - -29))
1
Evaluate 1 - -8 - (-104 - -117).
-4
What is (-9 - 2) + 11 + -5?
-5
What is -1 - ((-2 - (-4 - -4)) + 0)?
1
What is the value of (-1 - (-1 - 1)) + -4?
-3
What is the value of -8 - (-1 - (2 + 0))?
-5
15 + (-9 - -2) - (-1 + 6)
3
Calculate 7 + -2 - (-1 + 1).
5
What is the value of (-16 - 1) + (-7 - -15)?
-9
What is -1 - -1 - (27 + -23)?
-4
Calculate 5 - (1 - (4 - 7)).
1
Evaluate (-5 + 5 - (13 + -10)) + 7.
4
Evaluate -10 + 3 + 4 + 1.
-2
Calculate -2 + -6 + 0 + 4.
-4
6 + -8 + -4 + 6
0
What is the value of -6 + -5 - (1 - 6)?
-6
0 - 1 - (-4 + 3 - -3)
-3
Calculate -6 - (-9 - (-13 - -9)).
-1
What is the value of 6 - (1 + 2) - (-4 - -7)?
0
What is -6 - ((-13 + 5 - -3) + 6)?
-7
What is 4 + 2 - (-21 - -19)?
8
What is (7 - 7) + (0 - 1) + 5?
4
Evaluate 4 - (-3 + 5 + 5).
-3
What is (3 - 11) + -34 + 35?
-7
Evaluate 6 + (1 - 1 - -1).
7
Calculate -1 - (1 + (-2 - -4)).
-4
What is the value of -4 - (-8 + 0 - -12)?
-8
Evaluate 4 + 4 + -5 + -6.
-3
What is the value of (2 - (-2 + -4)) + -5?
3
6 + (-9 + 5 - -2)
4
Calculate 1 - 3 - (-3 + 1).
0
Calculate -5 + (5 - (-5 - -8)) + 2.
-1
What is 3 + -8 - (-5 + (3 - 2))?
-1
What is 3 - 1 - (-1 - -4)?
-1
Calculate 2 + 4 + (18 - 23).
1
6 - 8 - (0 + (0 - 2))
0
Calculate 0 + -4 + 7 - -2.
5
What is the value of 6 + (-12 - -15 - (18 - 2))?
-7
5 - (25 - 12) - -6
-2
What is 10 + -18 - (-16 - -2)?
6
Evaluate (4 - 7) + (-2 - -5).
0
(1 - -16) + -10 - 5
2
What is the value of (4 - (2 + 3 - 2)) + -6?
-5
(-13 - (12 + -28)) + -4 + 1
0
0 + 11 + (-1 - 5)
5
Calculate -7 + 3 + (7 - (-5 + 7)).
1
What is 2 + 1 + 10 + -10?
3
What is the value of -6 - (5 - (16 - 8))?
-3
What is the value of (1 - 2) + (1 - (5 - 1))?
-4
What is -2 - (-2 + 1 - 1)?
0
Calculate -9 - -15 - (-2 + 15).
-7
Evaluate -2 - ((-1 - -4) + -1 + -1).
-3
What is (4 + -3 - 3) + -2?
-4
What is 0 - -18 - 10 - (-3 + 8)?
3
What is -2 - (-6 + 3 + 3 + 1)?
-3
Calculate 0 + 1 - (6 - (7 + -2)).
0
What is -1 + 1 + -14 + 4?
-10
-4 + 1 + 3 - (-2 - -1)
1
What is the value of (9 - -13 - 25) + (4 - -1)?
2
What is the value of -1 + (-1 - -2) + 3?
3
(-1 - -3 - 2) + 4 - 4
0
Evaluate -3 - ((-6 - -2) + (1 - -3)).
-3
5 - (-5 - -14) - -4
0
What is -5 + -2 + (4 - (11 + -5))?
-9
Evaluate -6 + 13 + -3 - 2 - 2.
0
Evaluate 4 + -9 - -2 - (-10 + 6).
1
Calculate 0 + -8 - (2 + -1 + -15).
6
-1 - (2 + 1) - (2 + -9)
3
What is 1 - -1 - (2 - 5)?
5
Calculate 3 - 0 - (-7 + 9).
1
1 + -5 + (-39 - -40)
-3
What is the value of (5 - (13 - -2)) + 7 - -4?
1
-5 - -1 - ((-12 - -20) + -8)
-4
What is -9 + -1 + (-2 - -4) + 3?
-5
Calculate 3 + -2 - -3 - (6 - 3).
1
Evaluate (58 - 56) + (-2 - -1).
1
-1 - (11 - ((3 - 1) + 3))
-7
(4 - 2) + -1 - (113 + -121)
9
Calculate -3 - (9